Suppose -13 + 1 = 4*m. Let q = 9 + m. What is the highest common factor of 60 and q?
6
Suppose -8*a + 5*a = -9. Suppose -a*z + 0*m + m = -191, 3*m - 323 = -5*z. Calculate the highest common divisor of z and 8.
8
Let b(v) = 3*v**2 - 1 - 9*v**2 - 2 - v**3 - 5*v. Let d be b(-7). Let q be 1/4 - 35/(-4). Calculate the greatest common factor of d and q.
9
Suppose 2*h + 3*w - 10 = 0, 0 = -3*h + 3*w + 16 - 1. Calculate the highest common factor of 35 and h.
5
Suppose -5*r + 8 = -f, -5*f = 2*r + 3*r - 20. Suppose -c + f - 1 = 0. Let i = c + 2. Calculate the highest common divisor of 21 and i.
3
Let w = 14 + -11. What is the greatest common divisor of 39 and w?
3
Let i = 50 - 26. Calculate the greatest common divisor of 36 and i.
12
Let t be 3/5*2/4*70. Calculate the highest common divisor of 7 and t.
7
Let m(i) = 82*i**2 + 1. Let b be m(-1). Let x = b - 28. What is the greatest common divisor of x and 5?
5
Suppose 0 = 4*k - 9 - 7. Let j be (9 + -7)/(k/18). Suppose 4*v = 155 - 47. What is the greatest common factor of j and v?
9
Let c(h) = h**2 - 6*h + 3. Let x be c(5). Let w be (x*2)/(3/(-24)). Let q = 3 + 1. What is the highest common divisor of w and q?
4
Let j = 0 + 1. Let g be 1 - j - (-33 - -1). Let t = 0 - -4. What is the greatest common divisor of t and g?
4
Let r be (-1)/9*-3 - (-3164)/12. Calculate the highest common factor of r and 24.
24
Let v(f) = -f**3 + 13*f**2 - 8*f + 17. Let c be v(12). What is the highest common divisor of 26 and c?
13
Let j be 0 - (-1 + -1*4). Suppose -138 = -3*p + 114. Suppose 5*u - 41 - p = 0. Calculate the greatest common divisor of j and u.
5
Let r(k) = -27*k. Let x be r(-1). Let g(f) = 2*f**2 + f - 27. Let h be g(-5). Calculate the greatest common divisor of h and x.
9
Let o(c) = 2*c + 2. Let g be o(-2). Let f be -1 - -81 - -3 - g. Calculate the greatest common divisor of 17 and f.
17
Suppose -2*l + 3*v - 6 = -v, 3*v - 12 = 0. Let m be (-14)/(-5) - l/(-25). What is the greatest common divisor of m and 3?
3
Let z(a) = -a**3 - 9*a**2 - 11*a - 6. Let i be z(-8). Calculate the greatest common divisor of 198 and i.
18
Suppose 5*l + 145 = 5*v, 0 = -2*l - 11 + 1. Calculate the highest common factor of 6 and v.
6
Suppose 0*i + 2*i - z = 80, -5*z + 230 = 5*i. Calculate the greatest common factor of 21 and i.
21
Let t be 2 + (-280)/7*2/(-4). Calculate the highest common divisor of 44 and t.
22
Let u = 33 - 21. Suppose 0 = -3*h + h + 730. Let r be (-2)/6 - h/(-15). Calculate the greatest common factor of r and u.
12
Let s(r) = r. Let c be s(4). Let f be c/6*33/1. Let j(x) = x**3 + 9*x**2 - 10*x + 10. Let l be j(-8). What is the highest common factor of f and l?
22
Let y = -96 - -169. Suppose 2*i - 2*s + s = y, 0 = -5*i - 4*s + 163. Calculate the highest common factor of 7 and i.
7
Let k = -83 + 33. Let r = -34 - k. Calculate the greatest common factor of r and 128.
16
Suppose 0 = 7*w - 3*w - 168. Suppose -3*p = -3*j - 4*p + 46, 0 = -3*j - 5*p + 62. What is the greatest common factor of j and w?
14
Let v(z) be the first derivative of -10*z**2 - z - 2. Let q be v(-1). Let h be (33/9)/(2/114). What is the greatest common divisor of h and q?
19
Suppose -15 - 15 = -3*t. What is the highest common factor of 90 and t?
10
Let y(r) = r**2 - r - 5. Let k be y(-5). Let o be (-31)/11 + (-4)/22. Let l = k + o. What is the highest common divisor of 55 and l?
11
Suppose -1 + 4 = 3*f. Let q(a) = 83*a**2 + 1. Let w be q(f). What is the greatest common divisor of w and 21?
21
Let o be ((-12)/(-15))/((-4)/(-30)). Suppose 5*x = -5*b + 190, 2*b = -x - 0*b + 34. Calculate the highest common divisor of x and o.
6
Suppose 0 = -3*k - y, 3*k - k - 3*y + 11 = 0. Let r be -2*2*k + -2. Let s be (0 - 1*-2) + 20. Calculate the greatest common divisor of r and s.
2
Let l be (-3)/(-9)*3 + 0. Suppose -k - 10 = -o, -o + 0 - 5 = 2*k. What is the highest common factor of o and l?
1
Let i be ((-4)/(-3))/(6/9). Suppose 2*g - 5*c = 38, -4*c + 45 = i*g + 7. What is the greatest common divisor of 38 and g?
19
Suppose 3*j = -0*j + 6. Let z be (11 - j) + -4 + 4. What is the highest common factor of z and 45?
9
Let v be (2 - 5)*(-1 - 1). What is the highest common factor of 66 and v?
6
Suppose -3*m = 2*m + 4*x + 6, 3*m - 3*x - 18 = 0. What is the greatest common factor of 8 and m?
2
Suppose 4*g - 3*w = 71, -4*w = -w - 9. What is the greatest common divisor of g and 50?
10
Suppose 8*n - 30 = 3*n. Let i be n/((-16)/12 - -2). Let q = 83 + -47. What is the greatest common divisor of q and i?
9
Let s(n) be the third derivative of -5*n**4/24 + n**3/6 + 4*n**2. Let m be s(-5). Calculate the highest common divisor of 39 and m.
13
Suppose 2*h + 3*k + 1011 = 2613, -2*h = -2*k - 1582. Let b = h - 1459. Let g be b/(-20) - (-1)/(-5). Calculate the greatest common factor of g and 11.
11
Let h(k) = k**2 - 2*k - 15. Let a be h(8). Suppose -y + 4 = f - 3, -3*y = 12. Calculate the highest common factor of f and a.
11
Let f = 18 - -27. What is the highest common factor of 18 and f?
9
Suppose 0 = -0*c + 2*c + 2*l - 314, -4*c + 631 = 5*l. Let u = c - 73. Let f = 136 - u. What is the highest common factor of 5 and f?
5
Suppose 0*o = 2*j + o - 88, -174 = -4*j - 3*o. Let h be ((-18)/24)/((-2)/8). Let w be (-3 + h + -1)*-5. What is the greatest common divisor of j and w?
5
Let z = 82 - 16. Let m = -80 - -124. Calculate the greatest common factor of z and m.
22
Let w(u) = u**2 - 7. Let p be w(-7). Calculate the highest common divisor of 14 and p.
14
Let n(z) = 2*z**3 - 1 - z**2 + 0 + 16*z - 15*z. Let c be n(3). Suppose 4*v - 57 - c = 0. What is the highest common divisor of v and 65?
13
Let a = 8 - -7. Let h = -3 + a. Let l = -4 + 8. Calculate the greatest common factor of h and l.
4
Let n be 66/(-10) - 4/10. Let m(q) = q**3 + 8*q**2 - 2*q + 1. Let b be m(n). Calculate the highest common divisor of 8 and b.
8
Let d(b) = b**3 + 14*b**2 + 12*b + 1. Let o be d(-13). Calculate the highest common factor of o and 6.
2
Let f be 4/(-16) + 10/8. Calculate the greatest common divisor of f and 2.
1
Let y(q) = 3*q - 28. Let d be y(12). Suppose 8*j = 4*j + 224. What is the greatest common divisor of d and j?
8
Suppose 0 = -2*c + 7*c - 10. Let s(j) = 2*j - 13 - 11*j - 2*j + 2*j**c - 3*j**2. Let k be s(-9). What is the greatest common divisor of 25 and k?
5
Let d be ((-9)/6)/((-3)/8). Let f be 1431/12 + (-1)/d. Suppose 3*n - 3 = 2*n, -4*o - 4*n + 80 = 0. Calculate the highest common factor of f and o.
17
Suppose -94 + 134 = f. Calculate the highest common divisor of 50 and f.
10
Suppose 0 = 5*w - 32 - 53. Calculate the highest common factor of 17 and w.
17
Let w = 327 - 231. Calculate the highest common factor of 12 and w.
12
Let v = -209 + 462. What is the greatest common factor of 23 and v?
23
Let p(t) = -20*t - 5. Let c be p(4). Let i be c/10*-2*1. Suppose s = 2*q + 2*s - i, 0 = -2*q - 4*s + 14. What is the highest common factor of 9 and q?
9
Let s(a) = -a + 2. Let z = -1 - -6. Let u be s(z). Let n be (1 + (-2)/u)*6. What is the greatest common divisor of n and 4?
2
Suppose 6*i - 272 = 2*i. Let c(x) = 7*x**2 - 8*x + 8. Let m be c(6). Suppose 4*d - i = m. What is the highest common factor of 28 and d?
14
Let l(t) = 44*t. Let n be l(1). Suppose -v = 3*v - n. Suppose 0 = i + 13 - 57. Calculate the greatest common divisor of v and i.
11
Suppose -13 = -3*y - 1. Let s(b) = b + 6. Let l be s(0). Calculate the highest common divisor of y and l.
2
Let o(m) = -31 + 3*m**2 + 9 + 16 + 3*m. Let g be o(-5). What is the greatest common factor of 18 and g?
18
Let c be 3/(-12) + (-2)/(-8). Suppose c = 4*y + 1 - 25. What is the greatest common divisor of 15 and y?
3
Suppose 4*m - 15 = -p, -4*p = -2*m + 7 - 121. Calculate the greatest common divisor of 9 and p.
9
Suppose 52 = 5*c - 8. Let d = 198 + -26. Suppose -4*o = -4*v + d, 235 = 5*v - 2*o + o. What is the highest common divisor of v and c?
12
Let f be (4/6)/((-58)/(-1305)). Suppose 17 = 2*v - y, -4*v + 46 = -y + 3*y. Let n = 25 - v. What is the greatest common divisor of n and f?
15
Let o be (-4 - -12)/(1/4). Let i(q) = -2*q + 4. Let u be i(-6). Calculate the highest common factor of u and o.
16
Let r(f) = f**3 + 6*f**2 + 6*f + 3. Let z be r(-6). Let d = 89 + z. What is the greatest common divisor of d and 8?
8
Let v(c) be the first derivative of 2*c**3 - 7*c + 16